the millions digit of 683387978?
3
What is the ten millions digit of 722579809?
2
What is the units digit of 1604462342?
2
What is the tens digit of 66623815?
1
What is the hundreds digit of 368954684?
6
What is the tens digit of 354623969?
6
What is the tens digit of 717535221?
2
What is the tens digit of 3948525976?
7
What is the millions digit of 311831624?
1
What is the ten millions digit of 48174898?
4
What is the billions digit of 2244017571?
2
What is the millions digit of 97906847?
7
What is the hundreds digit of 186053380?
3
What is the ten millions digit of 32716396?
3
What is the thousands digit of 400687006?
7
What is the tens digit of 2572005397?
9
What is the hundred thousands digit of 3765347409?
3
What is the ten thousands digit of 109027611?
2
What is the thousands digit of 308211?
8
What is the millions digit of 3760293?
3
What is the hundreds digit of 96614594?
5
What is the ten millions digit of 19709070?
1
What is the thousands digit of 32249177?
9
What is the ten millions digit of 3374901534?
7
What is the ten millions digit of 503533423?
0
What is the ten millions digit of 30715150?
3
What is the hundreds digit of 569946798?
7
What is the hundred thousands digit of 1542143151?
1
What is the ten millions digit of 22404076?
2
What is the hundreds digit of 35440876?
8
What is the hundreds digit of 16005851?
8
What is the hundred thousands digit of 26692371?
6
What is the ten millions digit of 540449624?
4
What is the ten millions digit of 650048333?
5
What is the millions digit of 1403090923?
3
What is the thousands digit of 578687523?
7
What is the millions digit of 50293056?
0
What is the units digit of 667750376?
6
What is the hundreds digit of 68437948?
9
What is the ten thousands digit of 218647995?
4
What is the thousands digit of 27649164?
9
What is the hundred thousands digit of 47718533?
7
What is the ten thousands digit of 512818338?
1
What is the hundred thousands digit of 59809426?
8
What is the hundred millions digit of 249223574?
2
What is the units digit of 235016621?
1
What is the thousands digit of 42525750?
5
What is the units digit of 150097259?
9
What is the millions digit of 163647711?
3
What is the units digit of 1925457595?
5
What is the hundreds digit of 3990475058?
0
What is the tens digit of 104676583?
8
What is the hundred millions digit of 253281571?
2
What is the ten thousands digit of 18699964?
9
What is the millions digit of 410226953?
0
What is the units digit of 16650295?
5
What is the ten thousands digit of 821178607?
7
What is the thousands digit of 290179183?
9
What is the ten thousands digit of 3991531631?
3
What is the thousands digit of 2618020330?
0
What is the hundreds digit of 1198907990?
9
What is the tens digit of 297092680?
8
What is the thousands digit of 1035387477?
7
What is the tens digit of 61748458?
5
What is the millions digit of 882170271?
2
What is the thousands digit of 30405765?
5
What is the ten millions digit of 626552496?
2
What is the hundred millions digit of 423598388?
4
What is the tens digit of 51510619?
1
What is the ten thousands digit of 740016024?
1
What is the units digit of 2195197313?
3
What is the millions digit of 94842203?
4
What is the tens digit of 82965844?
4
What is the thousands digit of 60397511?
7
What is the units digit of 31570037?
7
What is the tens digit of 178704947?
4
What is the hundreds digit of 5309992469?
4
What is the tens digit of 45075006?
0
What is the units digit of 2611039634?
4
What is the thousands digit of 6439264?
9
What is the ten thousands digit of 403274181?
7
What is the millions digit of 309152310?
9
What is the hundred thousands digit of 835673983?
6
What is the millions digit of 26431490?
6
What is the ten millions digit of 43582086?
4
What is the tens digit of 151879808?
0
What is the units digit of 41696802?
2
What is the hundred millions digit of 224813835?
2
What is the billions digit of 1273462542?
1
What is the ten thousands digit of 50752740?
5
What is the ten millions digit of 3655793113?
5
What is the hundred thousands digit of 1253147683?
1
What is the ten thousands digit of 155439302?
3
What is the thousands digit of 6953047131?
7
What is the hundred thousands digit of 52578725?
5
What is the billions digit of 1942499431?
1
What is the hundreds digit of 18885969?
9
What is the ten thousands digit of 201599847?
9
What is the thousands digit of 81529978?
9
What is the thousands digit of 62327942?
7
What is the ten thousands digit of 327333427?
3
What is the ten thousands digit of 899610474?
1
What is the hundreds digit of 149233086?
0
What is the units digit of 298413393?
3
What is the ten thousands digit of 21168081?
6
What is the hundreds digit of 18386401?
4
What is the ten thousands digit of 3077255852?
5
What is the thousands digit of 6311807289?
7
What is the thousands digit of 187363464?
3
What is the millions digit of 3759442135?
9
What is the hundred thousands digit of 2869917997?
9
What is the ten millions digit of 96504653?
9
What is the thousands digit of 33080472?
0
What is the units digit of 41026135?
5
What is the units digit of 52641529?
9
What is the hundred millions digit of 2643034225?
6
What is the millions digit of 3624956108?
4
What is the tens digit of 43165301?
0
What is the ten thousands digit of 117242690?
4
What is the ten thousands digit of 25332714?
3
What is the tens digit of 135606861?
6
What is the tens digit of 536887673?
7
What is the ten millions digit of 31312013?
3
What is the units digit of 224326868?
8
What is the ten thousands digit of 120815873?
1
What is the ten millions digit of 20660047?
2
What is the hundred millions digit of 1065324892?
0
What is the hundred millions digit of 2750525093?
7
What is the ten thousands digit of 78538362?
3
What is the tens digit of 80175528?
2
What is the units digit of 20976338?
8
What is the tens digit of 3660550040?
4
What is the hundred thousands digit of 411837893?
8
What is the ten thousands digit of 705391234?
9
What is the hundreds digit of 5835385?
3
What is the thousands digit of 29894318?
4
What is the millions digit of 374307180?
4
What is the hundred thousands digit of 346239199?
2
What is the millions digit of 449165325?
9
What is the tens digit of 18401264?
6
What is the ten millions digit of 33084803?
3
What is the tens digit of 3666184258?
5
What is the millions digit of 381291954?
1
What is the units digit of 620823446?
6
What is the units digit of 139456719?
9
What is the units digit of 242207942?
2
What is the thousands digit of 1497649657?
9
What is the hundreds digit of 826445779?
7
What is the millions digit of 118567066?
8
What is the hundred millions digit of 424079395?
4
What is the ten millions digit of 18095228?
1
What is the hundreds digit of 66076861?
8
What is the millions digit of 132656702?
2
What is the tens digit of 43411413?
1
What is the thousands digit of 575079029?
9
What is the billions digit of 3541087655?
3
What is the ten thousands digit of 522727030?
2
What is the ten millions digit of 61801113?
6
What is the units digit of 4677077396?
6
What is the tens digit of 41730301?
0
What is the tens digit of 38773877?
7
What is the thousands digit of 917479432?
9
What is the ten thousands digit of 454473674?
7
What is the units digit of 18404826?
6
What is the hundreds digit of 171950207?
2
What is the hundred thousands digit of 82023241?
0
What is the ten thousands digit of 781830290?
3
What is the hundred thousands digit of 76024205?
0
What is the millions digit of 55357708?
5
What is the hundred thousands digit of 939481237?
4
What is the ten thousands digit of 914868111?
6
What is the hundreds digit of 1574388689?
6
What is the ten thousands digit of 1729018736?
1
What is the ten millions digit of 22416104?
2
What is the hundreds digit of 1003955327?
3
What is the tens digit of 45258760?
6
What is the hundred thousands digit of 55033865?
0
What is the hundreds digit of 2654803464?
4
What is the ten thousands digit of 2069857429?
5
What is the hundred thousands digit of 90720424?
7
What is the ten millions digit of 202785117?
0
What is the hundred thousands digit of 1957655327?
6
What is the ten thousands digit of 62440954?
4
What is the thousands digit of 29714311?
4
What is the tens digit 